{"id":1005,"date":"2026-06-28T10:41:42","date_gmt":"2026-06-28T09:41:42","guid":{"rendered":"https:\/\/cruzverde.pt\/?post_type=acordos&#038;p=1005"},"modified":"2026-06-29T10:08:23","modified_gmt":"2026-06-29T09:08:23","slug":"instituto-de-protecao-e-assistencia-na-doenca-i-p-adse-i-p","status":"publish","type":"acordos","link":"https:\/\/cruzverde.pt\/en\/acordos\/instituto-de-protecao-e-assistencia-na-doenca-i-p-adse-i-p\/","title":{"rendered":"INSTITUTO DE PROTE\u00c7\u00c3O E ASSIST\u00caNCIA NA DOEN\u00c7A, I. P., (ADSE I.P.)"},"content":{"rendered":"","protected":false},"featured_media":911,"parent":0,"menu_order":1,"template":"","cat-acordos":[59],"class_list":["post-1005","acordos","type-acordos","status-publish","has-post-thumbnail","hentry","cat-acordos-subsistemas-seguros-de-saude"],"acf":[],"yoast_head":"<!-- This site is optimized with the Yoast SEO plugin v27.8 - https:\/\/yoast.com\/product\/yoast-seo-wordpress\/ -->\n<title>INSTITUTO DE PROTE\u00c7\u00c3O E ASSIST\u00caNCIA NA DOEN\u00c7A, I. P., (ADSE I.P.) - Cruz Verde<\/title>\n<meta name=\"robots\" content=\"index, follow, max-snippet:-1, max-image-preview:large, max-video-preview:-1\" \/>\n<link rel=\"canonical\" href=\"https:\/\/cruzverde.pt\/en\/acordos\/instituto-de-protecao-e-assistencia-na-doenca-i-p-adse-i-p\/\" \/>\n<meta property=\"og:locale\" content=\"en_US\" \/>\n<meta property=\"og:type\" content=\"article\" \/>\n<meta property=\"og:title\" content=\"INSTITUTO DE PROTE\u00c7\u00c3O E ASSIST\u00caNCIA NA DOEN\u00c7A, I. P., (ADSE I.P.) - Cruz Verde\" \/>\n<meta property=\"og:url\" content=\"https:\/\/cruzverde.pt\/en\/acordos\/instituto-de-protecao-e-assistencia-na-doenca-i-p-adse-i-p\/\" \/>\n<meta property=\"og:site_name\" content=\"Cruz Verde\" \/>\n<meta property=\"article:modified_time\" content=\"2026-06-29T09:08:23+00:00\" \/>\n<meta property=\"og:image\" content=\"https:\/\/cruzverde.pt\/wp-content\/uploads\/2026\/06\/adse.jpg\" \/>\n\t<meta property=\"og:image:width\" content=\"360\" \/>\n\t<meta property=\"og:image:height\" content=\"360\" \/>\n\t<meta property=\"og:image:type\" content=\"image\/jpeg\" \/>\n<meta name=\"twitter:card\" content=\"summary_large_image\" \/>\n<script type=\"application\/ld+json\" class=\"yoast-schema-graph\">{\"@context\":\"https:\\\/\\\/schema.org\",\"@graph\":[{\"@type\":\"WebPage\",\"@id\":\"https:\\\/\\\/cruzverde.pt\\\/en\\\/acordos\\\/instituto-de-protecao-e-assistencia-na-doenca-i-p-adse-i-p\\\/\",\"url\":\"https:\\\/\\\/cruzverde.pt\\\/en\\\/acordos\\\/instituto-de-protecao-e-assistencia-na-doenca-i-p-adse-i-p\\\/\",\"name\":\"INSTITUTO DE PROTE\u00c7\u00c3O E ASSIST\u00caNCIA NA DOEN\u00c7A, I. P., (ADSE I.P.) - Cruz Verde\",\"isPartOf\":{\"@id\":\"https:\\\/\\\/cruzverde.pt\\\/en\\\/#website\"},\"primaryImageOfPage\":{\"@id\":\"https:\\\/\\\/cruzverde.pt\\\/en\\\/acordos\\\/instituto-de-protecao-e-assistencia-na-doenca-i-p-adse-i-p\\\/#primaryimage\"},\"image\":{\"@id\":\"https:\\\/\\\/cruzverde.pt\\\/en\\\/acordos\\\/instituto-de-protecao-e-assistencia-na-doenca-i-p-adse-i-p\\\/#primaryimage\"},\"thumbnailUrl\":\"https:\\\/\\\/cruzverde.pt\\\/wp-content\\\/uploads\\\/2026\\\/06\\\/adse.jpg\",\"datePublished\":\"2026-06-28T09:41:42+00:00\",\"dateModified\":\"2026-06-29T09:08:23+00:00\",\"breadcrumb\":{\"@id\":\"https:\\\/\\\/cruzverde.pt\\\/en\\\/acordos\\\/instituto-de-protecao-e-assistencia-na-doenca-i-p-adse-i-p\\\/#breadcrumb\"},\"inLanguage\":\"en-US\",\"potentialAction\":[{\"@type\":\"ReadAction\",\"target\":[\"https:\\\/\\\/cruzverde.pt\\\/en\\\/acordos\\\/instituto-de-protecao-e-assistencia-na-doenca-i-p-adse-i-p\\\/\"]}]},{\"@type\":\"ImageObject\",\"inLanguage\":\"en-US\",\"@id\":\"https:\\\/\\\/cruzverde.pt\\\/en\\\/acordos\\\/instituto-de-protecao-e-assistencia-na-doenca-i-p-adse-i-p\\\/#primaryimage\",\"url\":\"https:\\\/\\\/cruzverde.pt\\\/wp-content\\\/uploads\\\/2026\\\/06\\\/adse.jpg\",\"contentUrl\":\"https:\\\/\\\/cruzverde.pt\\\/wp-content\\\/uploads\\\/2026\\\/06\\\/adse.jpg\",\"width\":360,\"height\":360},{\"@type\":\"BreadcrumbList\",\"@id\":\"https:\\\/\\\/cruzverde.pt\\\/en\\\/acordos\\\/instituto-de-protecao-e-assistencia-na-doenca-i-p-adse-i-p\\\/#breadcrumb\",\"itemListElement\":[{\"@type\":\"ListItem\",\"position\":1,\"name\":\"Home\",\"item\":\"https:\\\/\\\/cruzverde.pt\\\/en\\\/\"},{\"@type\":\"ListItem\",\"position\":2,\"name\":\"Acordos\",\"item\":\"https:\\\/\\\/cruzverde.pt\\\/en\\\/acordos\\\/\"},{\"@type\":\"ListItem\",\"position\":3,\"name\":\"INSTITUTO DE PROTE\u00c7\u00c3O E ASSIST\u00caNCIA NA DOEN\u00c7A, I. P., (ADSE I.P.)\"}]},{\"@type\":\"WebSite\",\"@id\":\"https:\\\/\\\/cruzverde.pt\\\/en\\\/#website\",\"url\":\"https:\\\/\\\/cruzverde.pt\\\/en\\\/\",\"name\":\"Cruz Verde\",\"description\":\"My WordPress Blog\",\"publisher\":{\"@id\":\"https:\\\/\\\/cruzverde.pt\\\/en\\\/#organization\"},\"potentialAction\":[{\"@type\":\"SearchAction\",\"target\":{\"@type\":\"EntryPoint\",\"urlTemplate\":\"https:\\\/\\\/cruzverde.pt\\\/en\\\/?s={search_term_string}\"},\"query-input\":{\"@type\":\"PropertyValueSpecification\",\"valueRequired\":true,\"valueName\":\"search_term_string\"}}],\"inLanguage\":\"en-US\"},{\"@type\":\"Organization\",\"@id\":\"https:\\\/\\\/cruzverde.pt\\\/en\\\/#organization\",\"name\":\"Cruz Verde\",\"url\":\"https:\\\/\\\/cruzverde.pt\\\/en\\\/\",\"logo\":{\"@type\":\"ImageObject\",\"inLanguage\":\"en-US\",\"@id\":\"https:\\\/\\\/cruzverde.pt\\\/en\\\/#\\\/schema\\\/logo\\\/image\\\/\",\"url\":\"https:\\\/\\\/cruzverde.pt\\\/wp-content\\\/uploads\\\/2026\\\/05\\\/CV-com-frase-Horizontal-logotipo_big-Converted.png\",\"contentUrl\":\"https:\\\/\\\/cruzverde.pt\\\/wp-content\\\/uploads\\\/2026\\\/05\\\/CV-com-frase-Horizontal-logotipo_big-Converted.png\",\"width\":1701,\"height\":392,\"caption\":\"Cruz Verde\"},\"image\":{\"@id\":\"https:\\\/\\\/cruzverde.pt\\\/en\\\/#\\\/schema\\\/logo\\\/image\\\/\"}}]}<\/script>\n<!-- \/ Yoast SEO plugin. -->","yoast_head_json":{"title":"INSTITUTO DE PROTE\u00c7\u00c3O E ASSIST\u00caNCIA NA DOEN\u00c7A, I. P., (ADSE I.P.) - Cruz Verde","robots":{"index":"index","follow":"follow","max-snippet":"max-snippet:-1","max-image-preview":"max-image-preview:large","max-video-preview":"max-video-preview:-1"},"canonical":"https:\/\/cruzverde.pt\/en\/acordos\/instituto-de-protecao-e-assistencia-na-doenca-i-p-adse-i-p\/","og_locale":"en_US","og_type":"article","og_title":"INSTITUTO DE PROTE\u00c7\u00c3O E ASSIST\u00caNCIA NA DOEN\u00c7A, I. P., (ADSE I.P.) - Cruz Verde","og_url":"https:\/\/cruzverde.pt\/en\/acordos\/instituto-de-protecao-e-assistencia-na-doenca-i-p-adse-i-p\/","og_site_name":"Cruz Verde","article_modified_time":"2026-06-29T09:08:23+00:00","og_image":[{"width":360,"height":360,"url":"https:\/\/cruzverde.pt\/wp-content\/uploads\/2026\/06\/adse.jpg","type":"image\/jpeg"}],"twitter_card":"summary_large_image","schema":{"@context":"https:\/\/schema.org","@graph":[{"@type":"WebPage","@id":"https:\/\/cruzverde.pt\/en\/acordos\/instituto-de-protecao-e-assistencia-na-doenca-i-p-adse-i-p\/","url":"https:\/\/cruzverde.pt\/en\/acordos\/instituto-de-protecao-e-assistencia-na-doenca-i-p-adse-i-p\/","name":"INSTITUTO DE PROTE\u00c7\u00c3O E ASSIST\u00caNCIA NA DOEN\u00c7A, I. P., (ADSE I.P.) - Cruz Verde","isPartOf":{"@id":"https:\/\/cruzverde.pt\/en\/#website"},"primaryImageOfPage":{"@id":"https:\/\/cruzverde.pt\/en\/acordos\/instituto-de-protecao-e-assistencia-na-doenca-i-p-adse-i-p\/#primaryimage"},"image":{"@id":"https:\/\/cruzverde.pt\/en\/acordos\/instituto-de-protecao-e-assistencia-na-doenca-i-p-adse-i-p\/#primaryimage"},"thumbnailUrl":"https:\/\/cruzverde.pt\/wp-content\/uploads\/2026\/06\/adse.jpg","datePublished":"2026-06-28T09:41:42+00:00","dateModified":"2026-06-29T09:08:23+00:00","breadcrumb":{"@id":"https:\/\/cruzverde.pt\/en\/acordos\/instituto-de-protecao-e-assistencia-na-doenca-i-p-adse-i-p\/#breadcrumb"},"inLanguage":"en-US","potentialAction":[{"@type":"ReadAction","target":["https:\/\/cruzverde.pt\/en\/acordos\/instituto-de-protecao-e-assistencia-na-doenca-i-p-adse-i-p\/"]}]},{"@type":"ImageObject","inLanguage":"en-US","@id":"https:\/\/cruzverde.pt\/en\/acordos\/instituto-de-protecao-e-assistencia-na-doenca-i-p-adse-i-p\/#primaryimage","url":"https:\/\/cruzverde.pt\/wp-content\/uploads\/2026\/06\/adse.jpg","contentUrl":"https:\/\/cruzverde.pt\/wp-content\/uploads\/2026\/06\/adse.jpg","width":360,"height":360},{"@type":"BreadcrumbList","@id":"https:\/\/cruzverde.pt\/en\/acordos\/instituto-de-protecao-e-assistencia-na-doenca-i-p-adse-i-p\/#breadcrumb","itemListElement":[{"@type":"ListItem","position":1,"name":"Home","item":"https:\/\/cruzverde.pt\/en\/"},{"@type":"ListItem","position":2,"name":"Acordos","item":"https:\/\/cruzverde.pt\/en\/acordos\/"},{"@type":"ListItem","position":3,"name":"INSTITUTO DE PROTE\u00c7\u00c3O E ASSIST\u00caNCIA NA DOEN\u00c7A, I. P., (ADSE I.P.)"}]},{"@type":"WebSite","@id":"https:\/\/cruzverde.pt\/en\/#website","url":"https:\/\/cruzverde.pt\/en\/","name":"Cruz Verde","description":"My WordPress Blog","publisher":{"@id":"https:\/\/cruzverde.pt\/en\/#organization"},"potentialAction":[{"@type":"SearchAction","target":{"@type":"EntryPoint","urlTemplate":"https:\/\/cruzverde.pt\/en\/?s={search_term_string}"},"query-input":{"@type":"PropertyValueSpecification","valueRequired":true,"valueName":"search_term_string"}}],"inLanguage":"en-US"},{"@type":"Organization","@id":"https:\/\/cruzverde.pt\/en\/#organization","name":"Cruz Verde","url":"https:\/\/cruzverde.pt\/en\/","logo":{"@type":"ImageObject","inLanguage":"en-US","@id":"https:\/\/cruzverde.pt\/en\/#\/schema\/logo\/image\/","url":"https:\/\/cruzverde.pt\/wp-content\/uploads\/2026\/05\/CV-com-frase-Horizontal-logotipo_big-Converted.png","contentUrl":"https:\/\/cruzverde.pt\/wp-content\/uploads\/2026\/05\/CV-com-frase-Horizontal-logotipo_big-Converted.png","width":1701,"height":392,"caption":"Cruz Verde"},"image":{"@id":"https:\/\/cruzverde.pt\/en\/#\/schema\/logo\/image\/"}}]}},"_links":{"self":[{"href":"https:\/\/cruzverde.pt\/en\/wp-json\/wp\/v2\/acordos\/1005","targetHints":{"allow":["GET"]}}],"collection":[{"href":"https:\/\/cruzverde.pt\/en\/wp-json\/wp\/v2\/acordos"}],"about":[{"href":"https:\/\/cruzverde.pt\/en\/wp-json\/wp\/v2\/types\/acordos"}],"wp:featuredmedia":[{"embeddable":true,"href":"https:\/\/cruzverde.pt\/en\/wp-json\/wp\/v2\/media\/911"}],"wp:attachment":[{"href":"https:\/\/cruzverde.pt\/en\/wp-json\/wp\/v2\/media?parent=1005"}],"wp:term":[{"taxonomy":"cat-acordos","embeddable":true,"href":"https:\/\/cruzverde.pt\/en\/wp-json\/wp\/v2\/cat-acordos?post=1005"}],"curies":[{"name":"wp","href":"https:\/\/api.w.org\/{rel}","templated":true}]}}

INSTITUTO DE PROTEÇÃO E ASSISTÊNCIA NA DOENÇA, I. P., (ADSE I.P.)

<!-- This site is optimized with the Yoast SEO plugin v27.8 - https://yoast.com/product/yoast-seo-wordpress/ -->
<title>INSTITUTO DE PROTEÇÃO E ASSISTÊNCIA NA DOENÇA, I. P., (ADSE I.P.) - Cruz Verde</title>
<meta name="robots" content="index, follow, max-snippet:-1, max-image-preview:large, max-video-preview:-1" />
<link rel="canonical" href="https://cruzverde.pt/en/acordos/instituto-de-protecao-e-assistencia-na-doenca-i-p-adse-i-p/" />
<meta property="og:locale" content="en_US" />
<meta property="og:type" content="article" />
<meta property="og:title" content="INSTITUTO DE PROTEÇÃO E ASSISTÊNCIA NA DOENÇA, I. P., (ADSE I.P.) - Cruz Verde" />
<meta property="og:url" content="https://cruzverde.pt/en/acordos/instituto-de-protecao-e-assistencia-na-doenca-i-p-adse-i-p/" />
<meta property="og:site_name" content="Cruz Verde" />
<meta property="article:modified_time" content="2026-06-29T09:08:23+00:00" />
<meta property="og:image" content="https://cruzverde.pt/wp-content/uploads/2026/06/adse.jpg" />
	<meta property="og:image:width" content="360" />
	<meta property="og:image:height" content="360" />
	<meta property="og:image:type" content="image/jpeg" />
<meta name="twitter:card" content="summary_large_image" />
<script type="application/ld+json" class="yoast-schema-graph">{"@context":"https:\/\/schema.org","@graph":[{"@type":"WebPage","@id":"https:\/\/cruzverde.pt\/en\/acordos\/instituto-de-protecao-e-assistencia-na-doenca-i-p-adse-i-p\/","url":"https:\/\/cruzverde.pt\/en\/acordos\/instituto-de-protecao-e-assistencia-na-doenca-i-p-adse-i-p\/","name":"INSTITUTO DE PROTEÇÃO E ASSISTÊNCIA NA DOENÇA, I. P., (ADSE I.P.) - Cruz Verde","isPartOf":{"@id":"https:\/\/cruzverde.pt\/en\/#website"},"primaryImageOfPage":{"@id":"https:\/\/cruzverde.pt\/en\/acordos\/instituto-de-protecao-e-assistencia-na-doenca-i-p-adse-i-p\/#primaryimage"},"image":{"@id":"https:\/\/cruzverde.pt\/en\/acordos\/instituto-de-protecao-e-assistencia-na-doenca-i-p-adse-i-p\/#primaryimage"},"thumbnailUrl":"https:\/\/cruzverde.pt\/wp-content\/uploads\/2026\/06\/adse.jpg","datePublished":"2026-06-28T09:41:42+00:00","dateModified":"2026-06-29T09:08:23+00:00","breadcrumb":{"@id":"https:\/\/cruzverde.pt\/en\/acordos\/instituto-de-protecao-e-assistencia-na-doenca-i-p-adse-i-p\/#breadcrumb"},"inLanguage":"en-US","potentialAction":[{"@type":"ReadAction","target":["https:\/\/cruzverde.pt\/en\/acordos\/instituto-de-protecao-e-assistencia-na-doenca-i-p-adse-i-p\/"]}]},{"@type":"ImageObject","inLanguage":"en-US","@id":"https:\/\/cruzverde.pt\/en\/acordos\/instituto-de-protecao-e-assistencia-na-doenca-i-p-adse-i-p\/#primaryimage","url":"https:\/\/cruzverde.pt\/wp-content\/uploads\/2026\/06\/adse.jpg","contentUrl":"https:\/\/cruzverde.pt\/wp-content\/uploads\/2026\/06\/adse.jpg","width":360,"height":360},{"@type":"BreadcrumbList","@id":"https:\/\/cruzverde.pt\/en\/acordos\/instituto-de-protecao-e-assistencia-na-doenca-i-p-adse-i-p\/#breadcrumb","itemListElement":[{"@type":"ListItem","position":1,"name":"Home","item":"https:\/\/cruzverde.pt\/en\/"},{"@type":"ListItem","position":2,"name":"Acordos","item":"https:\/\/cruzverde.pt\/en\/acordos\/"},{"@type":"ListItem","position":3,"name":"INSTITUTO DE PROTEÇÃO E ASSISTÊNCIA NA DOENÇA, I. P., (ADSE I.P.)"}]},{"@type":"WebSite","@id":"https:\/\/cruzverde.pt\/en\/#website","url":"https:\/\/cruzverde.pt\/en\/","name":"Cruz Verde","description":"My WordPress Blog","publisher":{"@id":"https:\/\/cruzverde.pt\/en\/#organization"},"potentialAction":[{"@type":"SearchAction","target":{"@type":"EntryPoint","urlTemplate":"https:\/\/cruzverde.pt\/en\/?s={search_term_string}"},"query-input":{"@type":"PropertyValueSpecification","valueRequired":true,"valueName":"search_term_string"}}],"inLanguage":"en-US"},{"@type":"Organization","@id":"https:\/\/cruzverde.pt\/en\/#organization","name":"Cruz Verde","url":"https:\/\/cruzverde.pt\/en\/","logo":{"@type":"ImageObject","inLanguage":"en-US","@id":"https:\/\/cruzverde.pt\/en\/#\/schema\/logo\/image\/","url":"https:\/\/cruzverde.pt\/wp-content\/uploads\/2026\/05\/CV-com-frase-Horizontal-logotipo_big-Converted.png","contentUrl":"https:\/\/cruzverde.pt\/wp-content\/uploads\/2026\/05\/CV-com-frase-Horizontal-logotipo_big-Converted.png","width":1701,"height":392,"caption":"Cruz Verde"},"image":{"@id":"https:\/\/cruzverde.pt\/en\/#\/schema\/logo\/image\/"}}]}</script>
<!-- / Yoast SEO plugin. -->

INSTITUTO DE PROTEÇÃO E ASSISTÊNCIA NA DOENÇA, I. P., (ADSE I.P.) - Cruz Verde
