{"id":1177,"date":"2026-06-05T11:28:20","date_gmt":"2026-06-05T11:28:20","guid":{"rendered":"https:\/\/cruzverde.pt\/?post_type=info-uteis&#038;p=1177"},"modified":"2026-06-05T11:52:45","modified_gmt":"2026-06-05T11:52:45","slug":"feriados","status":"publish","type":"info-uteis","link":"https:\/\/cruzverde.pt\/en\/informacoes-uteis\/feriados\/","title":{"rendered":"Feriados"},"content":{"rendered":"\n<p class=\"wp-block-paragraph\">quinta<strong> 01 janeiro 2026<\/strong> &#8211; Ano Novo 2026<br>sexta <strong>03 abril 2026<\/strong> &#8211; Sexta Feira Santa 2026<br>domingo <strong>05 abril 2026<\/strong> &#8211; P\u00e1scoa 2026<br>s\u00e1bado <strong>25 abril 2026<\/strong> &#8211; Dia Liberdade 2026<br>sexta <strong>01 maio 2026<\/strong> &#8211; Dia Trabalhador 2026<br>quinta <strong>04 junho 2026<\/strong> &#8211; Corpo de Deus 2026<br>quarta <strong>10 junho 2026<\/strong> &#8211; Dia Portugal e Cam\u00f5es 2026<br>quarta <strong>24 junho 2026<\/strong> &#8211; Batalha de S. Mamede 2026<br>s\u00e1bado <strong>15 agosto 2026<\/strong> &#8211; Assun\u00e7\u00e3o Nossa Senhora 2026<br>segunda <strong>05 outubro 2026<\/strong> &#8211; Implanta\u00e7\u00e3o da R\u00e9publica 2026<br>domingo <strong>01 novembro 2026<\/strong> &#8211; Dia Todos os Santos 2026<br>ter\u00e7a <strong>01 dezembro 2026<\/strong> &#8211; Restaura\u00e7\u00e3o Independencia 2026<br>ter\u00e7a <strong>08 dezembro 2026<\/strong> &#8211; Imaculada Concei\u00e7\u00e3o 2026<br>sexta <strong>25 dezembro 2026<\/strong> &#8211; Natal 2026<\/p>\n","protected":false},"featured_media":0,"parent":0,"menu_order":0,"template":"","cat-links":[66],"class_list":["post-1177","info-uteis","type-info-uteis","status-publish","hentry","cat-links-feriados"],"acf":[],"yoast_head":"<!-- This site is optimized with the Yoast SEO plugin v27.8 - https:\/\/yoast.com\/product\/yoast-seo-wordpress\/ -->\n<title>Feriados - Cruz Verde<\/title>\n<meta name=\"robots\" content=\"index, follow, max-snippet:-1, max-image-preview:large, max-video-preview:-1\" \/>\n<link rel=\"canonical\" href=\"https:\/\/cruzverde.pt\/en\/informacoes-uteis\/feriados\/\" \/>\n<meta property=\"og:locale\" content=\"en_US\" \/>\n<meta property=\"og:type\" content=\"article\" \/>\n<meta property=\"og:title\" content=\"Feriados - Cruz Verde\" \/>\n<meta property=\"og:description\" content=\"quinta 01 janeiro 2026 &#8211; Ano Novo 2026sexta 03 abril 2026 &#8211; Sexta Feira Santa 2026domingo 05 abril 2026 &#8211; P\u00e1scoa 2026s\u00e1bado 25 abril 2026 &#8211; Dia Liberdade 2026sexta 01 maio 2026 &#8211; Dia Trabalhador 2026quinta 04 junho 2026 &#8211; Corpo de Deus 2026quarta 10 junho 2026 &#8211; Dia Portugal e Cam\u00f5es 2026quarta 24 junho [&hellip;]\" \/>\n<meta property=\"og:url\" content=\"https:\/\/cruzverde.pt\/en\/informacoes-uteis\/feriados\/\" \/>\n<meta property=\"og:site_name\" content=\"Cruz Verde\" \/>\n<meta property=\"article:modified_time\" content=\"2026-06-05T11:52:45+00:00\" \/>\n<meta name=\"twitter:card\" content=\"summary_large_image\" \/>\n<meta name=\"twitter:label1\" content=\"Est. reading time\" \/>\n\t<meta name=\"twitter:data1\" content=\"1 minute\" \/>\n<script type=\"application\/ld+json\" class=\"yoast-schema-graph\">{\"@context\":\"https:\\\/\\\/schema.org\",\"@graph\":[{\"@type\":\"WebPage\",\"@id\":\"https:\\\/\\\/cruzverde.pt\\\/en\\\/informacoes-uteis\\\/feriados\\\/\",\"url\":\"https:\\\/\\\/cruzverde.pt\\\/en\\\/informacoes-uteis\\\/feriados\\\/\",\"name\":\"Feriados - Cruz Verde\",\"isPartOf\":{\"@id\":\"https:\\\/\\\/cruzverde.pt\\\/en\\\/#website\"},\"datePublished\":\"2026-06-05T11:28:20+00:00\",\"dateModified\":\"2026-06-05T11:52:45+00:00\",\"breadcrumb\":{\"@id\":\"https:\\\/\\\/cruzverde.pt\\\/en\\\/informacoes-uteis\\\/feriados\\\/#breadcrumb\"},\"inLanguage\":\"en-US\",\"potentialAction\":[{\"@type\":\"ReadAction\",\"target\":[\"https:\\\/\\\/cruzverde.pt\\\/en\\\/informacoes-uteis\\\/feriados\\\/\"]}]},{\"@type\":\"BreadcrumbList\",\"@id\":\"https:\\\/\\\/cruzverde.pt\\\/en\\\/informacoes-uteis\\\/feriados\\\/#breadcrumb\",\"itemListElement\":[{\"@type\":\"ListItem\",\"position\":1,\"name\":\"Home\",\"item\":\"https:\\\/\\\/cruzverde.pt\\\/en\\\/\"},{\"@type\":\"ListItem\",\"position\":2,\"name\":\"Informa\u00e7\u00f5es \u00dateis\",\"item\":\"https:\\\/\\\/cruzverde.pt\\\/en\\\/informacoes-uteis\\\/\"},{\"@type\":\"ListItem\",\"position\":3,\"name\":\"Feriados\"}]},{\"@type\":\"WebSite\",\"@id\":\"https:\\\/\\\/cruzverde.pt\\\/en\\\/#website\",\"url\":\"https:\\\/\\\/cruzverde.pt\\\/en\\\/\",\"name\":\"Cruz Verde\",\"description\":\"My WordPress Blog\",\"publisher\":{\"@id\":\"https:\\\/\\\/cruzverde.pt\\\/en\\\/#organization\"},\"potentialAction\":[{\"@type\":\"SearchAction\",\"target\":{\"@type\":\"EntryPoint\",\"urlTemplate\":\"https:\\\/\\\/cruzverde.pt\\\/en\\\/?s={search_term_string}\"},\"query-input\":{\"@type\":\"PropertyValueSpecification\",\"valueRequired\":true,\"valueName\":\"search_term_string\"}}],\"inLanguage\":\"en-US\"},{\"@type\":\"Organization\",\"@id\":\"https:\\\/\\\/cruzverde.pt\\\/en\\\/#organization\",\"name\":\"Cruz Verde\",\"url\":\"https:\\\/\\\/cruzverde.pt\\\/en\\\/\",\"logo\":{\"@type\":\"ImageObject\",\"inLanguage\":\"en-US\",\"@id\":\"https:\\\/\\\/cruzverde.pt\\\/en\\\/#\\\/schema\\\/logo\\\/image\\\/\",\"url\":\"https:\\\/\\\/cruzverde.pt\\\/wp-content\\\/uploads\\\/2026\\\/05\\\/CV-com-frase-Horizontal-logotipo_big-Converted.png\",\"contentUrl\":\"https:\\\/\\\/cruzverde.pt\\\/wp-content\\\/uploads\\\/2026\\\/05\\\/CV-com-frase-Horizontal-logotipo_big-Converted.png\",\"width\":1701,\"height\":392,\"caption\":\"Cruz Verde\"},\"image\":{\"@id\":\"https:\\\/\\\/cruzverde.pt\\\/en\\\/#\\\/schema\\\/logo\\\/image\\\/\"}}]}<\/script>\n<!-- \/ Yoast SEO plugin. -->","yoast_head_json":{"title":"Feriados - Cruz Verde","robots":{"index":"index","follow":"follow","max-snippet":"max-snippet:-1","max-image-preview":"max-image-preview:large","max-video-preview":"max-video-preview:-1"},"canonical":"https:\/\/cruzverde.pt\/en\/informacoes-uteis\/feriados\/","og_locale":"en_US","og_type":"article","og_title":"Feriados - Cruz Verde","og_description":"quinta 01 janeiro 2026 &#8211; Ano Novo 2026sexta 03 abril 2026 &#8211; Sexta Feira Santa 2026domingo 05 abril 2026 &#8211; P\u00e1scoa 2026s\u00e1bado 25 abril 2026 &#8211; Dia Liberdade 2026sexta 01 maio 2026 &#8211; Dia Trabalhador 2026quinta 04 junho 2026 &#8211; Corpo de Deus 2026quarta 10 junho 2026 &#8211; Dia Portugal e Cam\u00f5es 2026quarta 24 junho [&hellip;]","og_url":"https:\/\/cruzverde.pt\/en\/informacoes-uteis\/feriados\/","og_site_name":"Cruz Verde","article_modified_time":"2026-06-05T11:52:45+00:00","twitter_card":"summary_large_image","twitter_misc":{"Est. reading time":"1 minute"},"schema":{"@context":"https:\/\/schema.org","@graph":[{"@type":"WebPage","@id":"https:\/\/cruzverde.pt\/en\/informacoes-uteis\/feriados\/","url":"https:\/\/cruzverde.pt\/en\/informacoes-uteis\/feriados\/","name":"Feriados - Cruz Verde","isPartOf":{"@id":"https:\/\/cruzverde.pt\/en\/#website"},"datePublished":"2026-06-05T11:28:20+00:00","dateModified":"2026-06-05T11:52:45+00:00","breadcrumb":{"@id":"https:\/\/cruzverde.pt\/en\/informacoes-uteis\/feriados\/#breadcrumb"},"inLanguage":"en-US","potentialAction":[{"@type":"ReadAction","target":["https:\/\/cruzverde.pt\/en\/informacoes-uteis\/feriados\/"]}]},{"@type":"BreadcrumbList","@id":"https:\/\/cruzverde.pt\/en\/informacoes-uteis\/feriados\/#breadcrumb","itemListElement":[{"@type":"ListItem","position":1,"name":"Home","item":"https:\/\/cruzverde.pt\/en\/"},{"@type":"ListItem","position":2,"name":"Informa\u00e7\u00f5es \u00dateis","item":"https:\/\/cruzverde.pt\/en\/informacoes-uteis\/"},{"@type":"ListItem","position":3,"name":"Feriados"}]},{"@type":"WebSite","@id":"https:\/\/cruzverde.pt\/en\/#website","url":"https:\/\/cruzverde.pt\/en\/","name":"Cruz Verde","description":"My WordPress Blog","publisher":{"@id":"https:\/\/cruzverde.pt\/en\/#organization"},"potentialAction":[{"@type":"SearchAction","target":{"@type":"EntryPoint","urlTemplate":"https:\/\/cruzverde.pt\/en\/?s={search_term_string}"},"query-input":{"@type":"PropertyValueSpecification","valueRequired":true,"valueName":"search_term_string"}}],"inLanguage":"en-US"},{"@type":"Organization","@id":"https:\/\/cruzverde.pt\/en\/#organization","name":"Cruz Verde","url":"https:\/\/cruzverde.pt\/en\/","logo":{"@type":"ImageObject","inLanguage":"en-US","@id":"https:\/\/cruzverde.pt\/en\/#\/schema\/logo\/image\/","url":"https:\/\/cruzverde.pt\/wp-content\/uploads\/2026\/05\/CV-com-frase-Horizontal-logotipo_big-Converted.png","contentUrl":"https:\/\/cruzverde.pt\/wp-content\/uploads\/2026\/05\/CV-com-frase-Horizontal-logotipo_big-Converted.png","width":1701,"height":392,"caption":"Cruz Verde"},"image":{"@id":"https:\/\/cruzverde.pt\/en\/#\/schema\/logo\/image\/"}}]}},"_links":{"self":[{"href":"https:\/\/cruzverde.pt\/en\/wp-json\/wp\/v2\/info-uteis\/1177","targetHints":{"allow":["GET"]}}],"collection":[{"href":"https:\/\/cruzverde.pt\/en\/wp-json\/wp\/v2\/info-uteis"}],"about":[{"href":"https:\/\/cruzverde.pt\/en\/wp-json\/wp\/v2\/types\/info-uteis"}],"wp:attachment":[{"href":"https:\/\/cruzverde.pt\/en\/wp-json\/wp\/v2\/media?parent=1177"}],"wp:term":[{"taxonomy":"cat-links","embeddable":true,"href":"https:\/\/cruzverde.pt\/en\/wp-json\/wp\/v2\/cat-links?post=1177"}],"curies":[{"name":"wp","href":"https:\/\/api.w.org\/{rel}","templated":true}]}}

<p class="wp-block-paragraph">quinta<strong> 01 janeiro 2026</strong> &#8211; Ano Novo 2026<br>sexta <strong>03 abril 2026</strong> &#8211; Sexta Feira Santa 2026<br>domingo <strong>05 abril 2026</strong> &#8211; Páscoa 2026<br>sábado <strong>25 abril 2026</strong> &#8211; Dia Liberdade 2026<br>sexta <strong>01 maio 2026</strong> &#8211; Dia Trabalhador 2026<br>quinta <strong>04 junho 2026</strong> &#8211; Corpo de Deus 2026<br>quarta <strong>10 junho 2026</strong> &#8211; Dia Portugal e Camões 2026<br>quarta <strong>24 junho 2026</strong> &#8211; Batalha de S. Mamede 2026<br>sábado <strong>15 agosto 2026</strong> &#8211; Assunção Nossa Senhora 2026<br>segunda <strong>05 outubro 2026</strong> &#8211; Implantação da Républica 2026<br>domingo <strong>01 novembro 2026</strong> &#8211; Dia Todos os Santos 2026<br>terça <strong>01 dezembro 2026</strong> &#8211; Restauração Independencia 2026<br>terça <strong>08 dezembro 2026</strong> &#8211; Imaculada Conceição 2026<br>sexta <strong>25 dezembro 2026</strong> &#8211; Natal 2026</p>

<!-- This site is optimized with the Yoast SEO plugin v27.8 - https://yoast.com/product/yoast-seo-wordpress/ -->
<title>Feriados - Cruz Verde</title>
<meta name="robots" content="index, follow, max-snippet:-1, max-image-preview:large, max-video-preview:-1" />
<link rel="canonical" href="https://cruzverde.pt/en/informacoes-uteis/feriados/" />
<meta property="og:locale" content="en_US" />
<meta property="og:type" content="article" />
<meta property="og:title" content="Feriados - Cruz Verde" />
<meta property="og:description" content="quinta 01 janeiro 2026 &#8211; Ano Novo 2026sexta 03 abril 2026 &#8211; Sexta Feira Santa 2026domingo 05 abril 2026 &#8211; Páscoa 2026sábado 25 abril 2026 &#8211; Dia Liberdade 2026sexta 01 maio 2026 &#8211; Dia Trabalhador 2026quinta 04 junho 2026 &#8211; Corpo de Deus 2026quarta 10 junho 2026 &#8211; Dia Portugal e Camões 2026quarta 24 junho [&hellip;]" />
<meta property="og:url" content="https://cruzverde.pt/en/informacoes-uteis/feriados/" />
<meta property="og:site_name" content="Cruz Verde" />
<meta property="article:modified_time" content="2026-06-05T11:52:45+00:00" />
<meta name="twitter:card" content="summary_large_image" />
<meta name="twitter:label1" content="Est. reading time" />
	<meta name="twitter:data1" content="1 minute" />
<script type="application/ld+json" class="yoast-schema-graph">{"@context":"https:\/\/schema.org","@graph":[{"@type":"WebPage","@id":"https:\/\/cruzverde.pt\/en\/informacoes-uteis\/feriados\/","url":"https:\/\/cruzverde.pt\/en\/informacoes-uteis\/feriados\/","name":"Feriados - Cruz Verde","isPartOf":{"@id":"https:\/\/cruzverde.pt\/en\/#website"},"datePublished":"2026-06-05T11:28:20+00:00","dateModified":"2026-06-05T11:52:45+00:00","breadcrumb":{"@id":"https:\/\/cruzverde.pt\/en\/informacoes-uteis\/feriados\/#breadcrumb"},"inLanguage":"en-US","potentialAction":[{"@type":"ReadAction","target":["https:\/\/cruzverde.pt\/en\/informacoes-uteis\/feriados\/"]}]},{"@type":"BreadcrumbList","@id":"https:\/\/cruzverde.pt\/en\/informacoes-uteis\/feriados\/#breadcrumb","itemListElement":[{"@type":"ListItem","position":1,"name":"Home","item":"https:\/\/cruzverde.pt\/en\/"},{"@type":"ListItem","position":2,"name":"Informações Úteis","item":"https:\/\/cruzverde.pt\/en\/informacoes-uteis\/"},{"@type":"ListItem","position":3,"name":"Feriados"}]},{"@type":"WebSite","@id":"https:\/\/cruzverde.pt\/en\/#website","url":"https:\/\/cruzverde.pt\/en\/","name":"Cruz Verde","description":"My WordPress Blog","publisher":{"@id":"https:\/\/cruzverde.pt\/en\/#organization"},"potentialAction":[{"@type":"SearchAction","target":{"@type":"EntryPoint","urlTemplate":"https:\/\/cruzverde.pt\/en\/?s={search_term_string}"},"query-input":{"@type":"PropertyValueSpecification","valueRequired":true,"valueName":"search_term_string"}}],"inLanguage":"en-US"},{"@type":"Organization","@id":"https:\/\/cruzverde.pt\/en\/#organization","name":"Cruz Verde","url":"https:\/\/cruzverde.pt\/en\/","logo":{"@type":"ImageObject","inLanguage":"en-US","@id":"https:\/\/cruzverde.pt\/en\/#\/schema\/logo\/image\/","url":"https:\/\/cruzverde.pt\/wp-content\/uploads\/2026\/05\/CV-com-frase-Horizontal-logotipo_big-Converted.png","contentUrl":"https:\/\/cruzverde.pt\/wp-content\/uploads\/2026\/05\/CV-com-frase-Horizontal-logotipo_big-Converted.png","width":1701,"height":392,"caption":"Cruz Verde"},"image":{"@id":"https:\/\/cruzverde.pt\/en\/#\/schema\/logo\/image\/"}}]}</script>
<!-- / Yoast SEO plugin. -->

quinta 01 janeiro 2026 &#8211; Ano Novo 2026sexta 03 abril 2026 &#8211; Sexta Feira Santa 2026domingo 05 abril 2026 &#8211; Páscoa 2026sábado 25 abril 2026 &#8211; Dia Liberdade 2026sexta 01 maio 2026 &#8211; Dia Trabalhador 2026quinta 04 junho 2026 &#8211; Corpo de Deus 2026quarta 10 junho 2026 &#8211; Dia Portugal e Camões 2026quarta 24 junho [&hellip;]

Informações Úteis
